35571 composite?
True
Is 513584427 composite?
True
Is 3709792057 a prime number?
True
Is 2907145541 a composite number?
False
Is 45387430157 a prime number?
False
Is 28527711263 a composite number?
True
Is 32877505571 prime?
False
Is 23379159913 composite?
False
Is 34723620989 prime?
False
Is 13756432097 a prime number?
True
Is 59475219371 a prime number?
True
Is 208565178311 a composite number?
True
Is 4400736173 composite?
True
Is 39504175157 a composite number?
True
Is 6181087007 a composite number?
True
Is 5224725403 composite?
True
Is 11366897281 prime?
True
Is 216165163 a composite number?
False
Is 342840239 prime?
False
Is 4800728897 composite?
False
Is 321366377 prime?
False
Is 86777325799 a composite number?
False
Is 2111044639 a prime number?
False
Is 882877729 composite?
True
Is 31905158441 a prime number?
False
Is 3998143757 a prime number?
True
Is 5721587491 a composite number?
False
Is 24199050157 prime?
False
Is 31669211861 composite?
True
Is 359994039 a composite number?
True
Is 2206154777 a composite number?
False
Is 98549068757 prime?
False
Is 13032477257 a composite number?
False
Is 207774439 prime?
True
Is 3940335853 composite?
False
Is 22838337607 a composite number?
True
Is 90263891 a composite number?
True
Is 81688722239 a prime number?
False
Is 9665472737 a composite number?
False
Is 210027833 a prime number?
True
Is 472679093 composite?
True
Is 10458326587 prime?
True
Is 295568843 composite?
False
Is 2323740689 a composite number?
False
Is 307966418 a composite number?
True
Is 165218425621 a prime number?
False
Is 29396453 composite?
True
Is 16330595179 prime?
True
Is 19918453067 prime?
True
Is 7358161703 prime?
False
Is 470176211 a prime number?
False
Is 100614039413 a composite number?
False
Is 874266947 composite?
True
Is 7162671119 a composite number?
False
Is 327893317 prime?
False
Is 5078185117 composite?
False
Is 6403718617 a prime number?
True
Is 7469492413 a composite number?
False
Is 705300131 a prime number?
False
Is 565030967 composite?
False
Is 218652481 composite?
True
Is 500657153 a composite number?
False
Is 5149748147 a composite number?
True
Is 13742811553 prime?
True
Is 5118601573 a prime number?
True
Is 2507930419 prime?
False
Is 246108903 a prime number?
False
Is 20170556879 composite?
True
Is 226078565 a prime number?
False
Is 6839473279 a composite number?
True
Is 2311043773 a composite number?
True
Is 2877262309 a composite number?
True
Is 132011463323 a prime number?
True
Is 131046311 a composite number?
True
Is 52201708241 a prime number?
True
Is 441066271 prime?
False
Is 97993026649 a prime number?
False
Is 18534877687 prime?
True
Is 2475418537 prime?
False
Is 655395518 composite?
True
Is 932867357 composite?
False
Is 398139211 a prime number?
False
Is 7449069203 a composite number?
False
Is 2304719003 prime?
False
Is 56135173649 a prime number?
False
Is 1882650613 a composite number?
True
Is 2670294743 composite?
False
Is 61286294039 a prime number?
True
Is 47454463087 a composite number?
True
Is 92170931 a prime number?
True
Is 2386340291 prime?
True
Is 3291138391 a prime number?
True
Is 27132989267 composite?
False
Is 2865353753 a composite number?
False
Is 1812721 composite?
False
Is 24047941381 a composite number?
False
Is 20193419 a prime number?
True
Is 2240584903 prime?
True
Is 208002013 composite?
True
Is 1519617461 prime?
False
Is 7785550057 a prime number?
False
Is 132314258319 a composite number?
True
Is 3248640557 composite?
True
Is 2132704897 composite?
True
Is 1469641453 prime?
False
Is 1272123469 prime?
True
Is 806232597 composite?
True
Is 22020030979 composite?
True
Is 4168313291 composite?
True
Is 17097318307 a composite number?
True
Is 579197807 a composite number?
False
Is 978315179 prime?
False
Is 1046364177 composite?
True
Is 2357864323 prime?
True
Is 1533921377 a composite number?
False
Is 9799033498 a composite number?
True
Is 13123135847 composite?
False
Is 973304573 prime?
False
Is 15454777771 a composite number?
True
Is 6646352353 prime?
False
Is 75305534597 a prime number?
True
Is 54534185927 a composite number?
True
Is 23704390601 a prime number?
False
Is 176435890591 composite?
False
Is 851487051 a composite number?
True
Is 11446040703 a prime number?
False
Is 2349470087 a composite number?
False
Is 40030736153 a composite number?
False
Is 26083386553 a composite number?
True
Is 29378949737 a prime number?
True
Is 8011643623 composite?
False
Is 8671318339 prime?
False
Is 5721997237 a composite number?
True
Is 2532718651 composite?
True
Is 95220918011 prime?
True
Is 519890327 composite?
True
Is 1422855617 a prime number?
False
Is 3724753229 prime?
True
Is 143324271539 composite?
False
Is 217818829061 a composite number?
True
Is 194072743 composite?
True
Is 3956402649 a composite number?
True
Is 852425461 prime?
True
Is 34575756703 a prime number?
True
Is 81682651969 composite?
True
Is 1120824521 a prime number?
True
Is 107285426213 a composite number?
True
Is 13282015471 a prime number?
False
Is 45673669 prime?
False
Is 2964784327 prime?
True
Is 324171542 composite?
True
Is 782773429 a prime number?
True
Is 7410616757 prime?
True
Is 10786635833 composite?
False
Is 1031423621 composite?
False
Is 1787035919 a prime number?
False
Is 4050531853 a prime number?
False
Is 3572871649 a prime number?
False
Is 44205990481 prime?
True
Is 36343780351 composite?
False
Is 412649663 prime?
True
Is 37874520953 a prime number?
True
Is 53345583397 a prime number?
True
Is 619105727 composite?
True
Is 912126703 a composite number?
False
Is 2358004811 composite?
False
Is 38432119757 a prime number?
True
Is 124955813 a prime number?
True
Is 202715954551 composite?
True
Is 284969539 a composite number?
False
Is 23793467 composite?
False
Is 163894649 prime?
False
Is 3918951143 a prime number?
False
Is 882372119 composite?
True
Is 71341448471 a prime number?
True
Is 1668732763 a prime number?
False
Is 191801549 composite?
True
Is 18076154423 prime?
False
Is 4538083031 a prime number?
False
Is 3077777831 a composite number?
True
Is 575277169 composite?
True
Is 1778524901 a prime number?
False
Is 1432917553 a composite number?
True
Is 50187560443 composite?
True
Is 62203563481 a prime number?
True
Is 13362690701 prime?
True
Is 39294066367 prime?
True
Is 686834041 prime?
True
Is 8325283999 composite?
True
Is 18497291 a prime number?
True
Is 532999633 composite?
False
Is 5015435423 a prime number?
False
Is 49199405579 a prime number?
True
Is 1497391869 prime?
False
Is 82150397909 a composite number?
False
Is 20933735401 a composite number?
True
Is 935292653 a composite number?
False
Is 77932321 a prime number?
True
Is 7981872719 a composite number?
False
Is 2057567407 prime?
False
Is 126376129249 prime?
True
Is 1847384513 composite?
True
Is 4693850069 composite?
False
Is 10055076838 prime?
False
Is 2717058059 a composite number?
False
Is 9422130997 prime?
True
Is 3860669977 a composite number?
True
Is 6918477911 a prime number?
True
Is 799391687 prime?
True
Is 51914594651 composite?
False
Is 31718701199 prime?
True
Is 810341603 a composite number?
True
Is 7844455 a composite number?
True
Is 9498786581 a composite number?
False
Is 1506087029 prime?
True
Is 6893880289 a prime number?
False
Is 6144501557 composite?
True
Is 5460060941 a prime number?
True
Is 4947802129 a composite number?
True
Is 5174556755 a composite number?
True
Is 2940214601 a composite number?
False
Is 42041155549 a composite number?
False
Is 261873121 a prime number?
True
Is 10357640591 prime?
True
Is 370907219 a prime number?
False
Is 12906272477 a prime number?
False
Is 63598771 composite?
False
Is 1175093039 prime?
False
Is 41831979929 composite?
False
Is 187040348657 a composite number?
False
Is 25691858119 prime?
True
Is 533702521 a composite number?
True
Is 2886345713 prime?
True
Is 14236541623 prime?
False
Is 12478202617 a prime number?
True
Is 3762637519 a prime number?
True
Is 284670973999 composite?
False
Is 38874177853 composite?
True
Is 15447628559 a prime number?
False
Is 2275933451 a prime number?
False
Is 129050661251 a composite number?
True
Is 1576359587 a prime number?
False
Is 2392079467 a prime number?
False
Is 1339693643 a prime number?
True
Is 3437386781 composite?
False
Is 1513639213 composite?
T